 u(7). Suppose 2*c + 5*k - p = 0, c - 113 = 5*k - k. What is the remainder when c is divided by 4?
1
Calculate the remainder when (-6324)/24*(-37 - 13) is divided by 216.
215
Suppose -700*j - 78 = -702*j. Suppose -17*x = -j - 250. Calculate the remainder when 174 is divided by x.
4
Calculate the remainder when 71 is divided by (-2 + (-3)/(-1))/(4*12/1920).
31
Let p = -33 + 18. Let s be 2*2 + p/15. Suppose s*o - 3*k - 108 = 0, -k = 5*o - 0*o - 204. What is the remainder when o is divided by 7?
5
Let t = -8990 - -9035. What is the remainder when 1283 is divided by t?
23
Suppose 3*b = 2*w - 5, -3*w + 2 + 7 = -4*b. Suppose -w*o = -13 + 69. Let d = 1 - o. What is the remainder when 61 is divided by d?
7
Let m(r) = -21*r - 934. Suppose 2*h + h = 294. Calculate the remainder when h is divided by m(-45).
10
Let f(l) = l**3 + 9*l**2 - 88*l + 47. Calculate the remainder when 864 is divided by f(-15).
14
Let n(m) = -27*m - 394. What is the remainder when n(-22) is divided by 174?
26
Suppose 3*y - 36 = -y. Suppose 1448 = 24*z + 296. Suppose -43*p - 75 = -z*p. Calculate the remainder when p is divided by y.
6
Suppose 0 = -3*h + 32 + 217. Suppose 6*n - h = 19. Calculate the remainder when (-36)/90 + (-322)/(-5) is divided by n.
13
Let x = 202 + -162. Suppose 134*w - x = 130*w. Suppose 4*f = f + 321. What is the remainder when f is divided by w?
7
Suppose 4*a + 3083 - 3291 = 5*u, a = -u + 61. Let y = 17 - -8. Calculate the remainder when a is divided by y.
7
Suppose 5*x - 5*q - 115 = 0, 3*x = 6*x + 2*q - 84. Suppose 392 = -18*h + x*h. What is the remainder when 78 is divided by h?
29
Let s(q) = -q**2 + 23*q - 56. Let f be s(20). Let u(v) = v**2 - 6*v + 12. Let l be u(f). Calculate the remainder when -3 + (l/1 - -143) is divided by 29.
28
Let m = 1066 - 1052. What is the remainder when 45 is divided by m?
3
Suppose 3*p + 0*q - 3*q + 3 = 0, -5*p + 19 = 3*q. Let h(v) = 14*v**2 - 27*v + 7. Let t be h(2). What is the remainder when p/t - (-1344)/27 is divided by 13?
11
Let q(s) = 31*s + 4. Let i be q(1). Let l(r) = r**2 - 2*r - 3. Let g be l(3). What is the remainder when i + (-4)/(-12)*g/(-1) is divided by 12?
11
Suppose 8*n + 50 = 13*n. What is the remainder when ((-6)/1)/((-264)/1232) is divided by n?
8
Let j be (0/2 + (-5)/(-5))*19. Suppose 5*z - 1 = -11, 4*z = -3*c + j. What is the remainder when 44 is divided by c?
8
Let d = 197 - 84. Let z be (((-737)/(-3))/11)/((-1)/(-3)). Suppose -5*m + d = -z. Calculate the remainder when m is divided by 8.
4
Suppose 23*d - 20485 = 6*d. What is the remainder when d is divided by 18?
17
Let v = -4077 - -4733. What is the remainder when v is divided by 133?
124
Let o = -7074 - -7103. Let l = -4 + 7. Suppose -2 = -2*k, t + o = l*t - k. What is the remainder when 87 is divided by t?
12
Suppose 3*v - 54 = -2*c, -4*v = -0*v. Let w = -101 + 121. Let r = 28 - w. Calculate the remainder when c is divided by r.
3
Suppose -2*f = -2*d - 178, d - 4*d - 4*f = 295. Let p = -62 - d. What is the remainder when 92 is divided by p?
30
Suppose y - q - 34 + 9 = 0, -5*q = -15. Let m be (-1)/(12/13 + -1). Let b = m - 2. What is the remainder when y is divided by b?
6
Suppose g - 65 = 4*b, 0*b - 4*g = 3*b + 63. Suppose c - 168 = -4*r + 291, -4*r - 4*c = -468. Let f = r - b. Calculate the remainder when f is divided by 33.
32
Suppose 0 = g - 6, -52286 = -5*d - 4*g + 8*g. Calculate the remainder when d is divided by 16.
14
Suppose -19178*o = -19170*o - 304. Calculate the remainder when 1139 is divided by o.
37
Let d = 6102 + -6036. Calculate the remainder when 104 is divided by d.
38
Let f(o) = -o**2 + 13*o + 1. Suppose 4*g + 29 = x - 5, 5*g + 35 = x. Suppose -2*j - j + x = 0. Calculate the remainder when 119 is divided by f(j).
26
Suppose -2*w - 1585 = -5*q + 2676, 3*w = -5*q + 4271. What is the remainder when q is divided by 39?
34
Let k(a) = 5*a**2 - 3*a + 2. Let t be k(6). Suppose 2*m - 10*g + 6*g - t = 0, -5*g = 3*m - 202. Calculate the remainder when m is divided by 29.
16
Let h(k) = 10*k**2 + 160*k + 45. Let u = -10 - -7. Let f = 27 + u. What is the remainder when h(-16) is divided by f?
21
Let p(t) = -t**3 - 12*t**2 - 13*t + 8. Let o(y) = y**3 - 6*y**2 + 7*y + 11. Let s be o(6). Let j = s - 64. Calculate the remainder when 148 is divided by p(j).
28
Suppose -19*u = -2*t - 17*u + 1592, 2*t = -5*u + 1592. Let f = t - 349. Calculate the remainder when f is divided by 113.
108
Let n(y) = 82*y - 148. What is the remainder when n(12) is divided by 413?
10
Let o(l) = l + 92. What is the remainder when 487 is divided by o(-32)?
7
Let d be (-7)/(21/(-18))*(-4)/(-8). Suppose 113 = -2*u + 4*u + d*i, -4*u + 216 = -4*i. Let v = 75 - u. What is the remainder when v is divided by 7?
6
Suppose 0 = -151*i + 35798 + 56916. Calculate the remainder when i is divided by 102.
2
What is the remainder when 353 is divided by 1*2*(18 + (-176)/32)?
3
Let p(f) = f**3 + 8*f**2 - 9*f + 14. Let q be p(-9). Let d = 102 - q. Calculate the remainder when d is divided by 32.
24
Let r be -1 - -4 - (-14 + 13). Suppose 2*y + y = r*j - 19, 5*j + y = 0. What is the remainder when (-22)/(-110) + 209/5 + j is divided by 9?
7
Let w(o) = -3 - 2 + 12*o**2 + 3*o**2 - 6*o. Let f(v) = -v**3 - 3*v**2 - 7*v - 11. Let s be f(-2). Calculate the remainder when w(s) is divided by 9.
7
Let c(v) = 21 - 12*v + 12*v + v. Calculate the remainder when 85 is divided by c(-12).
4
Let l = 2305 - 2171. Calculate the remainder when 1338 is divided by l.
132
Let i be (0*(-1)/(-2))/(6 + -8). Suppose -2*y - 2*y + 244 = 0. What is the remainder when y is divided by 27 + 6 + -2 + i?
30
Let t = -8 - -59. Suppose -5 = 2*w - t. Calculate the remainder when w is divided by ((-47112)/(-150))/26 + (-4)/50.
11
Suppose -28 = -2*d + 6. Suppose 3*m = -4*l + 55, 2*m + 18*l = 15*l + 36. What is the remainder when m is divided by d?
4
Let a be -14*((-3)/(-2))/1. Let g be (-2)/11 + (-13)/(429/1380). Calculate the remainder when (154/g)/(1/a) is divided by 20.
17
Suppose 5*c - 4*l - 26 = 0, 9*l + 12 = -4*c + 4*l. Suppose 16 = 4*h, 2*k - k - c*h = 8. What is the remainder when 143 is divided by k?
15
Suppose -18*u + 39*u - 50*u + 67309 = 0. Calculate the remainder when u is divided by 155.
151
Suppose -k + 4*y + 10 = y, 0 = -2*k - 4*y. Suppose 4*a - 1073 = -4*x + 315, -5*a + k*x + 1753 = 0. Calculate the remainder when a is divided by 32.
29
Let n = -8000 + 8016. Suppose -7*p = -3*p - 816. Calculate the remainder when p is divided by n.
12
Suppose 5*x - 2*h - 18 = -h, 0 = 3*x - 3*h - 6. Suppose -2*j - 7 = -11. Calculate the remainder when x is divided by j.
0
What is the remainder when (-2)/2 + 2 + 1/((-2)/(-558)) is divided by 159?
121
What is the remainder when 2998 is divided by 1920/(-1152) - (-460)/6?
73
Let f(r) = 33*r**3 - 3*r**2 + 2. Let w(x) = -x**3 + x**2 - 2*x - 49. Let n be w(0). Let z = -32 - n. What is the remainder when f(1) is divided by z?
15
Let a(s) = 89*s - 1146. What is the remainder when 1363 is divided by a(13)?
10
Let q = -5843 - -6628. What is the remainder when q is divided by 9?
2
Suppose 17*f = 24*f + 70. Calculate the remainder when 26 is divided by (14*f/(-210))/(2/9).
2
Suppose -15 = -r - 5*h, 3*r - 4*h - 21 = 5. What is the remainder when 9842/608 + 18/(-96) is divided by r?
6
What is the remainder when 170 + 13/130*50 is divided by (-1 + -1)*(-4 + 0)?
7
Let o be ((-576)/180)/((-2)/45). Suppose 369 = -69*x + o*x. Calculate the remainder when x is divided by 31.
30
Suppose 0*f + 525 = 5*f - p, 5*f - 2*p = 520. Let u = 193 - f. Calculate the remainder when u is divided by 4.
3
Suppose 4*a + 6*a + 4*a - 2534 = 0. What is the remainder when a is divided by 90?
1
Let m(o) = o - 4. Let c be m(7). Suppose c*g - 142 = -4*v, 4*v + 42 = -2*g + 3*g. Suppose -g*r = -50*r + 44. Calculate the remainder when 32 is divided by r.
10
Suppose -2*k = -3*k + 2. Let z = 10 - 5. Suppose -12 = 3*w, 3*j + k*w - 243 = z*w. What is the remainder when j is divided by 26?
25
Let u = 2787 - 2581. What is the remainder when u is divided by 30?
26
Suppose 715 = 5*p - 510. What is the remainder when p is divided by 74?
23
Let f(n) = 5*n. Let a be f(-12). What is the remainder when a*(-4 + 3) + -2 is divided by (-9*12/126)/(1/(-14))?
10
Let t(k) = k**3 + 22*k**2 - 23*k + 14. Let v be t(-23). Calculate the remainder whe